{"id":223,"date":"2017-11-02T09:28:00","date_gmt":"2017-11-02T08:28:00","guid":{"rendered":"https:\/\/www.studionegativo.com\/demo\/mini\/?page_id=220"},"modified":"2017-11-02T09:28:00","modified_gmt":"2017-11-02T08:28:00","slug":"mentions-legales","status":"publish","type":"page","link":"https:\/\/www.studionegativo.com\/demo\/agences\/mentions-legales\/","title":{"rendered":"Mentions l\u00e9gales"},"content":{"rendered":"<div class=\"flex_column av_three_fifth  flex_column_div av-zero-column-padding   avia-builder-el-2  el_after_av_one_fifth  el_before_av_one_fifth  \">\n<section class=\"av_textblock_section\">\n<div class=\"avia_textblock \">\n<h3>Activit\u00e9s de loisirs sportifs de pleine nature<\/h3>\n<p><strong>Lorem Ipsum<\/strong>\u00a0is simply dummy text of the printing and typesetting industry. Lorem Ipsum has been the industry&rsquo;s standard dummy text ever since the 1500s<\/p>\n<\/div>\n<\/section>\n<section class=\"av_textblock_section\">\n<div class=\"avia_textblock \">\n<h4>Coordonn\u00e9es<\/h4>\n<p>At vero eos et accusamus<br \/>\nItaque earum rerum hic tenetur a sapiente<br \/>\nT\u00e9l : 03 55 55 55 55<br \/>\nMail :\u00a0<a href=\"mailto:mailmail@gmail.com\">emailmail@gmail.com<br \/>\n<\/a><\/p>\n<p><em>Site con\u00e7u, r\u00e9alis\u00e9 et maintenu par\u00a0<a href=\"http:\/\/www.studionegativo.com\/\" target=\"_blank\" rel=\"noopener\">StudioNegativo.com<\/a><\/em><\/p>\n<\/div>\n<\/section>\n<\/div>\n<div class=\"flex_column av_one_fifth  flex_column_div av-zero-column-padding   avia-builder-el-7  el_after_av_three_fifth  el_before_av_one_fifth  \"><\/div>\n<div class=\"flex_column av_one_fifth  flex_column_div first  avia-builder-el-8  el_after_av_one_fifth  el_before_av_three_fifth  column-top-margin\"><\/div>\n<div class=\"flex_column av_three_fifth  flex_column_div av-zero-column-padding   avia-builder-el-9  el_after_av_one_fifth  el_before_av_one_fifth  column-top-margin\">\n<section class=\"av_textblock_section\">\n<div class=\"avia_textblock \">\n<h3>1. Informatique et libert\u00e9s :<\/h3>\n<p>Les donn\u00e9es personnelles relatives aux clients, recueillies par l\u2019interm\u00e9diaire des diff\u00e9rents formulaires ne sont destin\u00e9es qu\u2019\u00e0 un usage exclusif de la Soci\u00e9t\u00e9 dans le cadre de la mise en oeuvre de ses services.<\/p>\n<p>La Soci\u00e9t\u00e9 conserve les donn\u00e9es personnelles des utilisateurs sur ses propres serveurs et s\u2019engage \u00e0 maintenir strictement confidentielles les donn\u00e9es personnelles recueillies.<\/p>\n<p>Conform\u00e9ment aux dispositions de la Loi n\u00b0 78-17 du 6 janvier 1978 relative \u00e0 l\u2019informatique, aux fichiers et aux libert\u00e9s, les utilisateurs disposent suivant l\u2019Article 34 de la Loi du 6 janvier 1978 d\u2019un droit d\u2019acc\u00e8s aux donn\u00e9es qui les concernent, ainsi que d\u2019un droit de modification et de suppression de celles-ci.<br \/>\nIl leur suffit, pour exercer ce droit, d\u2019adresser un courrier postal ou un e-mail \u00e0 la soci\u00e9t\u00e9 aux coordonn\u00e9es ci-dessus.<\/p>\n<h3>2. Propri\u00e9t\u00e9 intellectuelle :<\/h3>\n<p>L\u2019utilisateur s\u2019engage \u00e0 ne pas reproduire, r\u00e9sumer, modifier, alt\u00e9rer ou rediffuser, sans autorisation expresse pr\u00e9alable de l\u2019\u00e9diteur, quelque texte, titre, application, logo, marque, information ou illustration, pour un usage autre que strictement priv\u00e9, ce qui exclut toute repr\u00e9sentation \u00e0 des fins professionnelles ou de rediffusion en nombre.<br \/>\nDe m\u00eame, l\u2019utilisateur s\u2019engage \u00e0 ne pas recopier tout ou partie du site sur un autre site ou un r\u00e9seau interne d\u2019entreprise.<\/p>\n<h3>3. Responsabilit\u00e9 \u00e9ditoriale :<\/h3>\n<p>La soci\u00e9t\u00e9, s\u2019efforce d\u2019offrir aux utilisateurs l\u2019information la plus fiable et qualitative qui soit.<\/p>\n<p>Cependant, elle ne saurait garantir l\u2019exactitude et l\u2019exhaustivit\u00e9 de l\u2019information diffus\u00e9e sur son site. La Soci\u00e9t\u00e9, ne saurait donc \u00eatre tenue pour responsable des dommages directs ou indirects, subis par les utilisateurs ou par des tiers qui trouveraient leur source dans l\u2019information diffus\u00e9e sur le Site, et de mani\u00e8re plus g\u00e9n\u00e9rale, dans la consultation et l\u2019utilisation du Site.<\/p>\n<p>Par ailleurs, la soci\u00e9t\u00e9 garantit que les contenus pr\u00e9sents en ligne respectent les dispositions protectrices des droits d\u2019auteur et droits voisins et qu\u2019elle est titulaire de l\u2019ensemble des droits n\u00e9cessaires \u00e0 l\u2019utilisation de ces contenus.<\/p>\n<h3>4.\u00a0Information sur les cookies :<\/h3>\n<p><strong>Qu\u2019est-ce qu\u2019un cookie ?<\/strong><br \/>\nUn cookie est un fichier texte stock\u00e9 par votre navigateur sur un espace d\u00e9di\u00e9 du disque dur de votre terminal, \u00e0 l\u2019occasion de la consultation d\u2019un site internet. Il permet \u00e0 son \u00e9metteur d\u2019identifier le terminal dans lequel il est d\u00e9pos\u00e9, pendant sa dur\u00e9e de validit\u00e9 et de garder en m\u00e9moire certaines informations relatives \u00e0 votre parcours, notamment, afin de simplifier votre navigation sur les sites internet ou vous proposer des contenus adapt\u00e9s \u00e0 vos centres d\u2019int\u00e9r\u00eats.<br \/>\nLe pr\u00e9sent site Web et n\u2019a aucun contr\u00f4le sur ces cookies.<\/p>\n<p><strong>Cookies de Statistiques Google Analytics<\/strong><br \/>\nCes cookies permettent d\u2019\u00e9tablir des statistiques de fr\u00e9quentation des sites et de d\u00e9tecter des probl\u00e8mes de navigation afin de suivre et d\u2019am\u00e9liorer la qualit\u00e9 de nos services.<\/p>\n<p><strong>Les cookies de partage des r\u00e9seaux sociaux<\/strong><br \/>\nSur certaines pages de.fr figurent des boutons ou modules de r\u00e9seaux sociaux tiers qui vous permettent d\u2019exploiter les fonctionnalit\u00e9s de ces r\u00e9seaux et en particulier de partager des contenus pr\u00e9sents sur.fr avec d\u2019autres personnes.<br \/>\nLorsque vous vous rendez sur une page internet sur laquelle se trouve un de ces boutons ou modules, votre navigateur peut envoyer des informations au r\u00e9seau social qui peut alors associer cette visualisation \u00e0 votre profil.<\/p>\n<p>Des cookies des r\u00e9seaux sociaux, dont nous n\u2019avons pas la ma\u00eetrise, peuvent \u00eatre alors \u00eatre d\u00e9pos\u00e9s dans votre navigateur par ces r\u00e9seaux. Nous vous invitons \u00e0 consulter les politiques de confidentialit\u00e9 propres \u00e0 chacun de ces sites de r\u00e9seaux sociaux, afin de prendre connaissance des finalit\u00e9s d\u2019utilisation des informations de navigation que peuvent recueillir les r\u00e9seaux sociaux gr\u00e2ce \u00e0 ces boutons et modules.<br \/>\n\u2013\u00a0<a href=\"https:\/\/www.facebook.com\/\" target=\"_blank\" rel=\"noopener\">Facebook<\/a><br \/>\n\u2013\u00a0<a href=\"https:\/\/twitter.com\/\" target=\"_blank\" rel=\"noopener\">Twitter<\/a><br \/>\n\u2013\u00a0<a href=\"https:\/\/plus.google.com\/\" target=\"_blank\" rel=\"noopener\">Google+<\/a><br \/>\n\u2013\u00a0<a href=\"https:\/\/www.linkedin.com\/\" target=\"_blank\" rel=\"noopener\">LinkedIn<\/a><\/p>\n<\/div>\n<\/section>\n<\/div>\n","protected":false},"excerpt":{"rendered":"<p>Activit\u00e9s de loisirs sportifs de pleine nature Lorem Ipsum\u00a0is simply dummy text of the printing and typesetting industry. Lorem Ipsum has been the industry&rsquo;s standard dummy text ever since the 1500s Coordonn\u00e9es At vero eos et accusamus Itaque earum rerum hic tenetur a sapiente T\u00e9l : 03 55 55 55 55 Mail :\u00a0emailmail@gmail.com Site con\u00e7u, [&hellip;]<\/p>\n","protected":false},"author":1,"featured_media":0,"parent":0,"menu_order":0,"comment_status":"closed","ping_status":"closed","template":"","meta":{"footnotes":""},"class_list":["post-223","page","type-page","status-publish","hentry"],"_links":{"self":[{"href":"https:\/\/www.studionegativo.com\/demo\/agences\/wp-json\/wp\/v2\/pages\/223","targetHints":{"allow":["GET"]}}],"collection":[{"href":"https:\/\/www.studionegativo.com\/demo\/agences\/wp-json\/wp\/v2\/pages"}],"about":[{"href":"https:\/\/www.studionegativo.com\/demo\/agences\/wp-json\/wp\/v2\/types\/page"}],"author":[{"embeddable":true,"href":"https:\/\/www.studionegativo.com\/demo\/agences\/wp-json\/wp\/v2\/users\/1"}],"replies":[{"embeddable":true,"href":"https:\/\/www.studionegativo.com\/demo\/agences\/wp-json\/wp\/v2\/comments?post=223"}],"version-history":[{"count":0,"href":"https:\/\/www.studionegativo.com\/demo\/agences\/wp-json\/wp\/v2\/pages\/223\/revisions"}],"wp:attachment":[{"href":"https:\/\/www.studionegativo.com\/demo\/agences\/wp-json\/wp\/v2\/media?parent=223"}],"curies":[{"name":"wp","href":"https:\/\/api.w.org\/{rel}","templated":true}]}}