{"id":1288,"date":"2025-02-20T14:55:06","date_gmt":"2025-02-20T13:55:06","guid":{"rendered":"https:\/\/www.studionegativo.com\/demo\/collective\/?page_id=1288"},"modified":"2025-02-20T14:55:07","modified_gmt":"2025-02-20T13:55:07","slug":"lassociation","status":"publish","type":"page","link":"https:\/\/www.studionegativo.com\/demo\/collective\/lassociation\/","title":{"rendered":"L\u2019association"},"content":{"rendered":"\n<style type=\"text\/css\" data-created_by=\"avia_inline_auto\" id=\"style-css-av-2vv1kh-face7498e5607a6e1d9ca92fb1561817\">\n.avia-section.av-2vv1kh-face7498e5607a6e1d9ca92fb1561817 .av-parallax .av-parallax-inner{\nbackground-repeat:no-repeat;\nbackground-image:url(https:\/\/www.studionegativo.com\/demo\/collective\/wp-content\/uploads\/sites\/23\/2019\/11\/association.jpg);\nbackground-position:50% 100%;\nbackground-attachment:scroll;\n}\n.avia-section.av-2vv1kh-face7498e5607a6e1d9ca92fb1561817 .av-section-color-overlay{\nopacity:0.5;\nbackground-color:#000000;\n}\n<\/style>\n<div id='av_section_1'  class='avia-section av-2vv1kh-face7498e5607a6e1d9ca92fb1561817 main_color avia-section-default avia-no-shadow  avia-builder-el-0  el_before_av_section  avia-builder-el-first  avia-full-stretch av-parallax-section avia-bg-style-parallax av-section-color-overlay-active av-minimum-height av-minimum-height-75 av-height-75  container_wrap fullsize'  data-section-bg-repeat='stretch' data-av_minimum_height_pc='75' data-av_min_height_opt='75'><div class='av-parallax' data-avia-parallax-ratio='0.3' ><div class='av-parallax-inner main_color avia-full-stretch'><\/div><\/div><div class=\"av-section-color-overlay-wrap\"><div class=\"av-section-color-overlay\"><\/div><div class='container av-section-cont-open' ><main  role=\"main\" itemprop=\"mainContentOfPage\"  class='template-page content  av-content-full alpha units'><div class='post-entry post-entry-type-page post-entry-1288'><div class='entry-content-wrapper clearfix'>\n\n<style type=\"text\/css\" data-created_by=\"avia_inline_auto\" id=\"style-css-av-k3q28wt2-218c3ac769604f94df7d32fbce0c494d\">\n#top .av-special-heading.av-k3q28wt2-218c3ac769604f94df7d32fbce0c494d{\npadding-bottom:0;\ncolor:#ffffff;\nfont-size:60px;\n}\nbody .av-special-heading.av-k3q28wt2-218c3ac769604f94df7d32fbce0c494d .av-special-heading-tag .heading-char{\nfont-size:25px;\n}\n#top #wrap_all .av-special-heading.av-k3q28wt2-218c3ac769604f94df7d32fbce0c494d .av-special-heading-tag{\nfont-size:60px;\n}\n.av-special-heading.av-k3q28wt2-218c3ac769604f94df7d32fbce0c494d .special-heading-inner-border{\nborder-color:#ffffff;\n}\n.av-special-heading.av-k3q28wt2-218c3ac769604f94df7d32fbce0c494d .av-subheading{\nfont-size:18px;\n}\n\n@media only screen and (min-width: 480px) and (max-width: 767px){ \n#top #wrap_all .av-special-heading.av-k3q28wt2-218c3ac769604f94df7d32fbce0c494d .av-special-heading-tag{\nfont-size:0.8em;\n}\n}\n\n@media only screen and (max-width: 479px){ \n#top #wrap_all .av-special-heading.av-k3q28wt2-218c3ac769604f94df7d32fbce0c494d .av-special-heading-tag{\nfont-size:0.8em;\n}\n}\n<\/style>\n<div  class='av-special-heading av-k3q28wt2-218c3ac769604f94df7d32fbce0c494d av-special-heading-h1 custom-color-heading blockquote modern-quote  avia-builder-el-1  avia-builder-el-no-sibling  av-thin-font av-inherit-size av-linked-heading'><h1 class='av-special-heading-tag '  itemprop=\"headline\"  >Association <strong>Collective<\/strong> !<\/h1><div class='av_custom_color av-subheading av-subheading_below'><p>Pompeii lucide insectat adfabilis umbraculi. Syrtes celeriter corrumperet concubine.<\/p>\n<\/div><div class=\"special-heading-border\"><div class=\"special-heading-inner-border\"><\/div><\/div><\/div>\n<\/div><\/div><\/main><!-- close content main element --><\/div><\/div><\/div>\n<style type=\"text\/css\" data-created_by=\"avia_inline_auto\" id=\"style-css-av-it08h-84eeb1025e75432cb2bc808bb32b73a5\">\n.avia-section.av-it08h-84eeb1025e75432cb2bc808bb32b73a5{\nbackground-repeat:no-repeat;\nbackground-image:url(https:\/\/www.studionegativo.com\/demo\/collective\/wp-content\/uploads\/sites\/23\/2019\/12\/background-image-2.jpg);\nbackground-position:0% 100%;\nbackground-attachment:scroll;\n}\n.avia-section.av-it08h-84eeb1025e75432cb2bc808bb32b73a5 .av-extra-border-element .av-extra-border-inner{\nbackground-color:#ffffff;\n}\n<\/style>\n<div id='av_section_2'  class='avia-section av-it08h-84eeb1025e75432cb2bc808bb32b73a5 main_color avia-section-default avia-no-border-styling  avia-builder-el-2  el_after_av_section  avia-builder-el-last  avia-bg-style-scroll av-arrow-down-section container_wrap fullsize'  data-section-bg-repeat='no-repeat'><div class='container av-section-cont-open' ><div class='template-page content  av-content-full alpha units'><div class='post-entry post-entry-type-page post-entry-1288'><div class='entry-content-wrapper clearfix'>\n\n<style type=\"text\/css\" data-created_by=\"avia_inline_auto\" id=\"style-css-av-2pleb5-5214e9c7b0e69030e8b33a4cf73bdbfc\">\n#top .av-special-heading.av-2pleb5-5214e9c7b0e69030e8b33a4cf73bdbfc{\npadding-bottom:10px;\nfont-size:50px;\n}\nbody .av-special-heading.av-2pleb5-5214e9c7b0e69030e8b33a4cf73bdbfc .av-special-heading-tag .heading-char{\nfont-size:25px;\n}\n#top #wrap_all .av-special-heading.av-2pleb5-5214e9c7b0e69030e8b33a4cf73bdbfc .av-special-heading-tag{\nfont-size:50px;\n}\n.av-special-heading.av-2pleb5-5214e9c7b0e69030e8b33a4cf73bdbfc .av-subheading{\nfont-size:20px;\n}\n\n@media only screen and (min-width: 480px) and (max-width: 767px){ \n#top #wrap_all .av-special-heading.av-2pleb5-5214e9c7b0e69030e8b33a4cf73bdbfc .av-special-heading-tag{\nfont-size:0.8em;\n}\n}\n\n@media only screen and (max-width: 479px){ \n#top #wrap_all .av-special-heading.av-2pleb5-5214e9c7b0e69030e8b33a4cf73bdbfc .av-special-heading-tag{\nfont-size:0.8em;\n}\n}\n<\/style>\n<div  class='av-special-heading av-2pleb5-5214e9c7b0e69030e8b33a4cf73bdbfc av-special-heading-h3 blockquote modern-quote modern-centered  avia-builder-el-3  el_before_av_one_fifth  avia-builder-el-first  av-thin-font av-inherit-size'><h3 class='av-special-heading-tag '  itemprop=\"headline\"  >Pourquoi <strong>adh\u00e9rer<\/strong> ?<\/h3><div class='av-subheading av-subheading_below'><p>Pour aider \u00e0 am\u00e9liorer notre communaut\u00e9 et participer activement \u00e0 la vie de la communaut\u00e9 locale.<\/p>\n<\/div><div class=\"special-heading-border\"><div class=\"special-heading-inner-border\"><\/div><\/div><\/div>\n\n<style type=\"text\/css\" data-created_by=\"avia_inline_auto\" id=\"style-css-av-fytzt-c655923d8f472c3575cfdc2eae127191\">\n#top .flex_column.av-fytzt-c655923d8f472c3575cfdc2eae127191{\nmargin-top:6%;\nmargin-bottom:0;\n}\n.flex_column.av-fytzt-c655923d8f472c3575cfdc2eae127191{\nborder-radius:0px 0px 0px 0px;\npadding:0px 0px 0px 0px;\n}\n.responsive #top #wrap_all .flex_column.av-fytzt-c655923d8f472c3575cfdc2eae127191{\nmargin-top:6%;\nmargin-bottom:0;\n}\n<\/style>\n<div  class='flex_column av-fytzt-c655923d8f472c3575cfdc2eae127191 av_one_fifth  avia-builder-el-4  el_after_av_heading  el_before_av_three_fifth  first flex_column_div av-zero-column-padding  '     ><\/div>\n<style type=\"text\/css\" data-created_by=\"avia_inline_auto\" id=\"style-css-av-fytzt-3-7c038deffd174733238ebf044c0e2124\">\n#top .flex_column.av-fytzt-3-7c038deffd174733238ebf044c0e2124{\nmargin-top:6%;\nmargin-bottom:0;\n}\n.flex_column.av-fytzt-3-7c038deffd174733238ebf044c0e2124{\nborder-radius:0px 0px 0px 0px;\npadding:0px 0px 0px 0px;\n}\n.responsive #top #wrap_all .flex_column.av-fytzt-3-7c038deffd174733238ebf044c0e2124{\nmargin-top:6%;\nmargin-bottom:0;\n}\n<\/style>\n<div  class='flex_column av-fytzt-3-7c038deffd174733238ebf044c0e2124 av_three_fifth  avia-builder-el-5  el_after_av_one_fifth  el_before_av_one_fifth  flex_column_div av-zero-column-padding  '     ><p><section  class='av_textblock_section av-k38cztiz-dd5b59812b2261991a7040c11b4a00e0 '   itemscope=\"itemscope\" itemtype=\"https:\/\/schema.org\/CreativeWork\" ><div class='avia_textblock'  itemprop=\"text\" ><p>LES ADH\u00c9RENTS ET B\u00c9N\u00c9VOLES<\/p>\n<p>L\u2019<strong>Association Collective<\/strong>, repose sur l\u2019engagement de ses adh\u00e9rents et de ses b\u00e9n\u00e9voles. Ce sont, \u00e0 ce titre, les adh\u00e9rents qui fondent la vie associative et lui donnent sa dimension participative.<\/p>\n<p>Par votre demande, vous d\u00e9clarez souhaiter devenir membre adh\u00e9rent de l\u2019association, \u00e0 ce titre, vous d\u00e9clarez reconna\u00eetre l\u2019objet de l\u2019association et en avoir accept\u00e9 les statuts mis \u00e0 disposition au si\u00e8ge social de l\u2019association. Vous avez pris bonne note des obligations qui incombent aux membres, notamment celles relatives \u00e0 la participation aux AG que vous vous engagez \u00e0 respecter.<\/p>\n<\/div><\/section><br \/>\n\n<style type=\"text\/css\" data-created_by=\"avia_inline_auto\" id=\"style-css-av-k38dmsrs-2df6de705aded7a5fe36e898899ac678\">\n#top .hr.hr-invisible.av-k38dmsrs-2df6de705aded7a5fe36e898899ac678{\nheight:50px;\n}\n<\/style>\n<div  class='hr av-k38dmsrs-2df6de705aded7a5fe36e898899ac678 hr-invisible  avia-builder-el-7  el_after_av_textblock  avia-builder-el-last '><span class='hr-inner '><span class=\"hr-inner-style\"><\/span><\/span><\/div><\/p><\/div>\n<style type=\"text\/css\" data-created_by=\"avia_inline_auto\" id=\"style-css-av-fytzt-2-18c32cfc37342f743bead7a679c9056f\">\n#top .flex_column.av-fytzt-2-18c32cfc37342f743bead7a679c9056f{\nmargin-top:6%;\nmargin-bottom:0;\n}\n.flex_column.av-fytzt-2-18c32cfc37342f743bead7a679c9056f{\nborder-radius:0px 0px 0px 0px;\npadding:0px 0px 0px 0px;\n}\n.responsive #top #wrap_all .flex_column.av-fytzt-2-18c32cfc37342f743bead7a679c9056f{\nmargin-top:6%;\nmargin-bottom:0;\n}\n<\/style>\n<div  class='flex_column av-fytzt-2-18c32cfc37342f743bead7a679c9056f av_one_fifth  avia-builder-el-8  el_after_av_three_fifth  avia-builder-el-last  flex_column_div av-zero-column-padding  '     ><\/div><\/p>\n","protected":false},"excerpt":{"rendered":"","protected":false},"author":1,"featured_media":0,"parent":0,"menu_order":0,"comment_status":"open","ping_status":"closed","template":"","meta":{"footnotes":""},"class_list":["post-1288","page","type-page","status-publish","hentry"],"_links":{"self":[{"href":"https:\/\/www.studionegativo.com\/demo\/collective\/wp-json\/wp\/v2\/pages\/1288","targetHints":{"allow":["GET"]}}],"collection":[{"href":"https:\/\/www.studionegativo.com\/demo\/collective\/wp-json\/wp\/v2\/pages"}],"about":[{"href":"https:\/\/www.studionegativo.com\/demo\/collective\/wp-json\/wp\/v2\/types\/page"}],"author":[{"embeddable":true,"href":"https:\/\/www.studionegativo.com\/demo\/collective\/wp-json\/wp\/v2\/users\/1"}],"replies":[{"embeddable":true,"href":"https:\/\/www.studionegativo.com\/demo\/collective\/wp-json\/wp\/v2\/comments?post=1288"}],"version-history":[{"count":2,"href":"https:\/\/www.studionegativo.com\/demo\/collective\/wp-json\/wp\/v2\/pages\/1288\/revisions"}],"predecessor-version":[{"id":1290,"href":"https:\/\/www.studionegativo.com\/demo\/collective\/wp-json\/wp\/v2\/pages\/1288\/revisions\/1290"}],"wp:attachment":[{"href":"https:\/\/www.studionegativo.com\/demo\/collective\/wp-json\/wp\/v2\/media?parent=1288"}],"curies":[{"name":"wp","href":"https:\/\/api.w.org\/{rel}","templated":true}]}}