{"id":412,"date":"2018-01-25T14:42:52","date_gmt":"2018-01-25T13:42:52","guid":{"rendered":"https:\/\/studionegativo.com\/demo-asso\/collective\/?page_id=412"},"modified":"2018-01-25T14:42:52","modified_gmt":"2018-01-25T13:42:52","slug":"mentions-legales","status":"publish","type":"page","link":"https:\/\/www.studionegativo.com\/demo\/collective\/mentions-legales\/","title":{"rendered":"Mentions legales"},"content":{"rendered":"\n<style type=\"text\/css\" data-created_by=\"avia_inline_auto\" id=\"style-css-av-w7y18-9c3baa4427fb2ed31b7600a8e57be524\">\n.flex_column.av-w7y18-9c3baa4427fb2ed31b7600a8e57be524{\nborder-radius:0px 0px 0px 0px;\npadding:0px 0px 0px 0px;\n}\n<\/style>\n<div  class='flex_column av-w7y18-9c3baa4427fb2ed31b7600a8e57be524 av_one_fifth  avia-builder-el-0  el_before_av_three_fifth  avia-builder-el-first  first flex_column_div av-zero-column-padding  '     ><\/div>\n\n<style type=\"text\/css\" data-created_by=\"avia_inline_auto\" id=\"style-css-av-owais-cfc3417f9662b2d8154ffc85f7b2d5e4\">\n.flex_column.av-owais-cfc3417f9662b2d8154ffc85f7b2d5e4{\nborder-radius:0px 0px 0px 0px;\npadding:0px 0px 0px 0px;\n}\n<\/style>\n<div  class='flex_column av-owais-cfc3417f9662b2d8154ffc85f7b2d5e4 av_three_fifth  avia-builder-el-1  el_after_av_one_fifth  el_before_av_one_fifth  flex_column_div av-zero-column-padding  '     ><p>\n<style type=\"text\/css\" data-created_by=\"avia_inline_auto\" id=\"style-css-av-av_heading-8b966911389aeb44cc94eda40af95a11\">\n#top .av-special-heading.av-av_heading-8b966911389aeb44cc94eda40af95a11{\npadding-bottom:20px;\nfont-size:40px;\n}\nbody .av-special-heading.av-av_heading-8b966911389aeb44cc94eda40af95a11 .av-special-heading-tag .heading-char{\nfont-size:25px;\n}\n#top #wrap_all .av-special-heading.av-av_heading-8b966911389aeb44cc94eda40af95a11 .av-special-heading-tag{\nfont-size:40px;\n}\n.av-special-heading.av-av_heading-8b966911389aeb44cc94eda40af95a11 .av-subheading{\nfont-size:15px;\n}\n\n@media only screen and (min-width: 480px) and (max-width: 767px){ \n#top #wrap_all .av-special-heading.av-av_heading-8b966911389aeb44cc94eda40af95a11 .av-special-heading-tag{\nfont-size:0.8em;\n}\n}\n\n@media only screen and (max-width: 479px){ \n#top #wrap_all .av-special-heading.av-av_heading-8b966911389aeb44cc94eda40af95a11 .av-special-heading-tag{\nfont-size:0.8em;\n}\n}\n<\/style>\n<div  class='av-special-heading av-av_heading-8b966911389aeb44cc94eda40af95a11 av-special-heading-h3 blockquote modern-quote modern-centered  avia-builder-el-2  el_before_av_textblock  avia-builder-el-first  av-inherit-size'><h3 class='av-special-heading-tag '  itemprop=\"headline\"  >Mentions L\u00e9gales<\/h3><div class=\"special-heading-border\"><div class=\"special-heading-inner-border\"><\/div><\/div><\/div><br \/>\n<section  class='av_textblock_section av-f5lis-f1c52fce968b3ca556720ebed2f6462d '   itemscope=\"itemscope\" itemtype=\"https:\/\/schema.org\/CreativeWork\" ><div class='avia_textblock'  itemprop=\"text\" ><p style=\"text-align: center\"><strong>Propri\u00e9taire du Site<br \/>\n<\/strong>Association Collective<br \/>\nAdresse: 14, Place de l&rsquo;Eglise 21210 SAULIEU<br \/>\nT\u00e9l : 03.00.00.00.00<\/p>\n<p style=\"text-align: center\"><strong>Site r\u00e9alis\u00e9 par<\/strong><br \/>\nStudio Negativo<br \/>\nLes Petites Fourches<br \/>\n58230 Saint-Brisson<br \/>\nTel : 03 86 78 74 07<br \/>\n<a href=\"http:\/\/www.studionegativo.com\/\">www.studionegativo.com<br \/>\n<\/a>N\u00b0 d\u2019immatriculation : R.C.S. Nevers 504 483 660<\/p>\n<p style=\"text-align: center\"><strong>H\u00e9bergement<br \/>\n<\/strong>FastEuroHosting \u2022 Euclid Services Limited<\/p>\n<\/div><\/section><br \/>\n<section  class='av_textblock_section av-f5lis-f1c52fce968b3ca556720ebed2f6462d '   itemscope=\"itemscope\" itemtype=\"https:\/\/schema.org\/CreativeWork\" ><div class='avia_textblock'  itemprop=\"text\" ><section class=\"av_textblock_section \">\n<div class=\"avia_textblock  \">\n<p><strong>Avertissements\u00a0:<\/strong><br \/>\nLes informations publi\u00e9es sont r\u00e9guli\u00e8rement v\u00e9rifi\u00e9es. L\u2019association d\u00e9cline toute responsabilit\u00e9 en cas d\u2019erreur ou d\u2019omission.\u00a0Lorem ipsum dolor sit amet, consectetur adipiscing elit. Vestibulum pulvinar id urna et pharetra.<\/p>\n<p>Ut nibh odio, ultrices a felis sed, fringilla semper lorem. Aliquam dignissim porta ultrices. Praesent ac nibh vel ante pharetra venenatis non eget purus. Praesent quis ante dignissim, ultricies risus vel, facilisis diam. Sed pharetra facilisis facilisis.<\/p>\n<p>Phasellus sed eros a elit iaculis porta in ac tortor. Nulla dictum mauris sed lectus volutpat, at condimentum justo finibus. Maecenas eu ornare urna. Maecenas condimentum lectus at odio rutrum aliquam.<\/p>\n<p><strong>Liens de r\u00e9f\u00e9rence\u00a0:<\/strong><\/p>\n<ul>\n<li>Loi 78-17 du 6 janvier 1978 Loi relative \u00e0 l\u2019informatique, aux fichiers et aux libert\u00e9s<\/li>\n<li>Loi du 29 juillet 1881 Loi sur la libert\u00e9 de la presse<\/li>\n<li>Loi 2000-719 du 1er ao\u00fbt 2000 Extrait de la loi portant sur la responsabilit\u00e9 des prestataires techniques.<\/li>\n<\/ul>\n<\/div>\n<\/section>\n<section class=\"av_textblock_section \"><\/section>\n<div class=\"hr hr-invisible   avia-builder-el-8  el_after_av_textblock  avia-builder-el-last \"><\/div>\n<\/div><\/section><\/p><\/div>\n<style type=\"text\/css\" data-created_by=\"avia_inline_auto\" id=\"style-css-av-6uwfo-db5ecea56b9c680a47004cd90c1385ca\">\n.flex_column.av-6uwfo-db5ecea56b9c680a47004cd90c1385ca{\nborder-radius:0px 0px 0px 0px;\npadding:0px 0px 0px 0px;\n}\n<\/style>\n<div  class='flex_column av-6uwfo-db5ecea56b9c680a47004cd90c1385ca av_one_fifth  avia-builder-el-5  el_after_av_three_fifth  avia-builder-el-last  flex_column_div av-zero-column-padding  '     ><\/div><\/p>\n","protected":false},"excerpt":{"rendered":"","protected":false},"author":1,"featured_media":0,"parent":0,"menu_order":0,"comment_status":"closed","ping_status":"closed","template":"","meta":{"footnotes":""},"class_list":["post-412","page","type-page","status-publish","hentry"],"_links":{"self":[{"href":"https:\/\/www.studionegativo.com\/demo\/collective\/wp-json\/wp\/v2\/pages\/412","targetHints":{"allow":["GET"]}}],"collection":[{"href":"https:\/\/www.studionegativo.com\/demo\/collective\/wp-json\/wp\/v2\/pages"}],"about":[{"href":"https:\/\/www.studionegativo.com\/demo\/collective\/wp-json\/wp\/v2\/types\/page"}],"author":[{"embeddable":true,"href":"https:\/\/www.studionegativo.com\/demo\/collective\/wp-json\/wp\/v2\/users\/1"}],"replies":[{"embeddable":true,"href":"https:\/\/www.studionegativo.com\/demo\/collective\/wp-json\/wp\/v2\/comments?post=412"}],"version-history":[{"count":0,"href":"https:\/\/www.studionegativo.com\/demo\/collective\/wp-json\/wp\/v2\/pages\/412\/revisions"}],"wp:attachment":[{"href":"https:\/\/www.studionegativo.com\/demo\/collective\/wp-json\/wp\/v2\/media?parent=412"}],"curies":[{"name":"wp","href":"https:\/\/api.w.org\/{rel}","templated":true}]}}