{"id":4432,"date":"2021-10-17T14:30:59","date_gmt":"2021-10-17T14:30:59","guid":{"rendered":"https:\/\/www.studionegativo.com\/demo\/sn-sapins-noel\/?page_id=4432"},"modified":"2021-11-01T06:38:45","modified_gmt":"2021-11-01T06:38:45","slug":"commande-retrait","status":"publish","type":"page","link":"https:\/\/www.studionegativo.com\/demo\/sn-sapins-noel\/commande-retrait\/","title":{"rendered":"Commande &#8211; Retrait"},"content":{"rendered":"\n<style type=\"text\/css\" data-created_by=\"avia_inline_auto\" id=\"style-css-av-9s1o5u-a3bc1748fc39394ffdbb135a7af2aeaa\">\n.avia-section.av-9s1o5u-a3bc1748fc39394ffdbb135a7af2aeaa{\nbackground-color:#f2f2f2;\nbackground-image:unset;\n}\n.avia-section.av-9s1o5u-a3bc1748fc39394ffdbb135a7af2aeaa .av-extra-border-element .av-extra-border-inner{\nbackground-color:#f2f2f2;\n}\n<\/style>\n<div id='av_section_1'  class='avia-section av-9s1o5u-a3bc1748fc39394ffdbb135a7af2aeaa main_color avia-section-default avia-no-border-styling  avia-builder-el-0  el_before_av_one_fifth  avia-builder-el-first  avia-bg-style-scroll av-arrow-down-section container_wrap sidebar_right'  ><div class='container av-section-cont-open' ><main  role=\"main\" itemprop=\"mainContentOfPage\"  class='template-page content  av-content-small alpha units'><div class='post-entry post-entry-type-page post-entry-4432'><div class='entry-content-wrapper clearfix'>\n<div  class='flex_column av-alf0ow-824a31b42612652d6f13323e8b27bebc av_one_fifth  avia-builder-el-1  el_before_av_three_fifth  avia-builder-el-first  first flex_column_div  '     ><\/div><div  class='flex_column av-9q3m9s-af503cd0f7ae7e87f1001d7e96c2b7a3 av_three_fifth  avia-builder-el-2  el_after_av_one_fifth  el_before_av_one_fifth  flex_column_div  '     ><p>\n<style type=\"text\/css\" data-created_by=\"avia_inline_auto\" id=\"style-css-av-kuvb6r5n-4ea44983e68b5c2afbb7dbcc4bdad42c\">\n#top .av-special-heading.av-kuvb6r5n-4ea44983e68b5c2afbb7dbcc4bdad42c{\npadding-bottom:10px;\n}\nbody .av-special-heading.av-kuvb6r5n-4ea44983e68b5c2afbb7dbcc4bdad42c .av-special-heading-tag .heading-char{\nfont-size:25px;\n}\n.av-special-heading.av-kuvb6r5n-4ea44983e68b5c2afbb7dbcc4bdad42c .av-subheading{\nfont-size:15px;\n}\n<\/style>\n<div  class='av-special-heading av-kuvb6r5n-4ea44983e68b5c2afbb7dbcc4bdad42c av-special-heading-h1 blockquote modern-quote  avia-builder-el-3  el_before_av_textblock  avia-builder-el-first  av-thin-font'><h1 class='av-special-heading-tag '  itemprop=\"headline\"  >Vos <strong>commande<\/strong><\/h1><div class=\"special-heading-border\"><div class=\"special-heading-inner-border\"><\/div><\/div><\/div><br \/>\n<section  class='av_textblock_section av-kuvaw5dm-3c007b334bab3b6261d1fff10d339e3d '   itemscope=\"itemscope\" itemtype=\"https:\/\/schema.org\/CreativeWork\" ><div class='avia_textblock'  itemprop=\"text\" ><p>Vous pouvez acheter nos produits en quelques clics, \u00e0 partir de <a href=\"https:\/\/www.studionegativo.com\/demo\/sn-sapins-noel\/vente-en-ligne\/\">notre boutique en ligne<\/a>.<br \/>\n<strong>Toutes les commandes<\/strong> pass\u00e9es sur notre site font l&rsquo;objet d&rsquo;un retrait dans l&rsquo;un de nos points relais.<br \/>\n<strong>Avant d&rsquo;effectuer le paiement<\/strong>, il vous sera demand\u00e9 de choisir le point relais. Une fois la commande pass\u00e9e, vous recevrez un e-mail avec le r\u00e9capitulatif de votre commande et le num\u00e9ro de commande.<br \/>\nVous pouvez<strong> retirer la commande au point relais<\/strong> que vous avez choisi \u00e0 partir du lendemain de la commande, en pr\u00e9sentant votre <strong>num\u00e9ro de commande<\/strong> et une <strong>pi\u00e8ce d&rsquo;identit\u00e9<\/strong>.<br \/>\nLe retrait de la commande doit \u00eatre effectu\u00e9 au moins dans les 4 jours suivant la date d&rsquo;achat.<br \/>\n<span class=\"VIiyi\" lang=\"fr\"><span class=\"JLqJ4b ChMk0b\" data-language-for-alternatives=\"fr\" data-language-to-translate-into=\"it\" data-phrase-index=\"13\" data-number-of-phrases=\"14\">Pour toute demande de pr\u00e9cisions, <a href=\"https:\/\/www.studionegativo.com\/demo\/sn-sapins-noel\/contactez-nous\/\">n&rsquo;h\u00e9sitez pas \u00e0 nous contacter<\/a>.<\/span><\/span><\/p>\n<\/div><\/section><\/p><\/div><div  class='flex_column av-7albs0-f858ae2d1bcacf0cdb597ccd953ce534 av_one_fifth  avia-builder-el-5  el_after_av_three_fifth  avia-builder-el-last  flex_column_div  '     ><\/div>\n<\/div><\/div><\/main><!-- close content main element --><\/div><div class='av-extra-border-element border-extra-arrow-down'><div class='av-extra-border-outer'><div class='av-extra-border-inner'><\/div><\/div><\/div><\/div><div id='after_section_1'  class='main_color av_default_container_wrap container_wrap sidebar_right'  ><div class='container av-section-cont-open' ><div class='template-page content  av-content-small alpha units'><div class='post-entry post-entry-type-page post-entry-4432'><div class='entry-content-wrapper clearfix'>\n<div  class='flex_column av-5jv3hc-50ee3a93dd18831c15ea7a31d6c04cb5 av_one_fifth  avia-builder-el-6  el_after_av_section  el_before_av_three_fifth  avia-builder-el-first  first flex_column_div  '     ><\/div>\n<div  class='flex_column av-45p41s-165a25b1a357c2eafa63d7d8862d3c3e av_three_fifth  avia-builder-el-7  el_after_av_one_fifth  el_before_av_one_fifth  flex_column_div  '     ><style type=\"text\/css\" data-created_by=\"avia_inline_auto\" id=\"style-css-av-kuvb4k96-8cc06053f0998d2c7a1d1bd102097209\">\n#top .av-special-heading.av-kuvb4k96-8cc06053f0998d2c7a1d1bd102097209{\npadding-bottom:10px;\n}\nbody .av-special-heading.av-kuvb4k96-8cc06053f0998d2c7a1d1bd102097209 .av-special-heading-tag .heading-char{\nfont-size:25px;\n}\n.av-special-heading.av-kuvb4k96-8cc06053f0998d2c7a1d1bd102097209 .av-subheading{\nfont-size:15px;\n}\n<\/style>\n<div  class='av-special-heading av-kuvb4k96-8cc06053f0998d2c7a1d1bd102097209 av-special-heading-h1 blockquote modern-quote modern-centered  avia-builder-el-8  avia-builder-el-no-sibling  av-thin-font'><h1 class='av-special-heading-tag '  itemprop=\"headline\"  >Nos <strong>points de retrait<\/strong><\/h1><div class=\"special-heading-border\"><div class=\"special-heading-inner-border\"><\/div><\/div><\/div><\/div><div  class='flex_column av-1wi8a8-eeadea7fe69de20bed189c79571bc61e av_one_fifth  avia-builder-el-9  el_after_av_three_fifth  el_before_av_google_map  avia-builder-el-last  flex_column_div  '     ><\/div><\/p>\n<div  class='av_gmaps_sc_main_wrap av_gmaps_main_wrap '><div id='av_gmap_0' class='avia-google-map-container avia-google-map-sc av_gmaps_show_unconditionally av-no-fallback-img ' data-mapid='av_gmap_0'  style='height: 550px;'><a class=\"av_gmaps_browser_disabled av_text_confirm_link av_text_confirm_link_visible\" href=\"https:\/\/www.google.com\/maps\/search\/?api=1&#038;query=Les%20Petites%20Fourches%2058230%20Saint-Brisson%20%20France\" target=\"_blank\">Les cartes ont \u00e9t\u00e9 d\u00e9sactiv\u00e9es par le visiteur sur ce site. Cliquer pour ouvrir la carte dans une nouvelle fen\u00eatre.<\/a><\/div><\/div>\n<div id='av_section_2'  class='avia-section av-jj8tj6kr-db900aae0914fb27be9eb91aad6d099e main_color avia-section-default avia-no-border-styling  avia-builder-el-11  el_after_av_google_map  el_before_av_section  avia-bg-style-scroll container_wrap sidebar_right'  ><div class='container av-section-cont-open' ><div class='template-page content  av-content-small alpha units'><div class='post-entry post-entry-type-page post-entry-4432'><div class='entry-content-wrapper clearfix'>\n\n<style type=\"text\/css\" data-created_by=\"avia_inline_auto\" id=\"style-css-av-jj8tk1fq-4a5b8d0214c2ab74998c574ccd70a5a9\">\n.flex_column.av-jj8tk1fq-4a5b8d0214c2ab74998c574ccd70a5a9{\nborder-radius:0px 0px 0px 0px;\npadding:0px 0px 0px 0px;\n}\n<\/style>\n<div  class='flex_column av-jj8tk1fq-4a5b8d0214c2ab74998c574ccd70a5a9 av_one_fourth  avia-builder-el-12  el_before_av_one_fourth  avia-builder-el-first  first flex_column_div av-zero-column-padding  '     ><section  class='av_textblock_section av-jj8tkrny-aac052b5a79b981bcca010cef2750333 '   itemscope=\"itemscope\" itemtype=\"https:\/\/schema.org\/CreativeWork\" ><div class='avia_textblock'  itemprop=\"text\" ><h3>Pointe #1<\/h3>\n<p>Les Petites Fourches<br \/>\n58230 Saint-Brisson<\/p>\n<p>Tel : 03 33 33 33 33<\/p>\n<p><strong>Heures d&rsquo;ouverture :<\/strong><br \/>\nLundi 6h30-12h<br \/>\nMardi \u00e0 vendredi 6h30-12h &#038; 13h30-18h30<\/p>\n<\/div><\/section><\/div>\n<style type=\"text\/css\" data-created_by=\"avia_inline_auto\" id=\"style-css-av-jj8tk1fq-f0ca5b2b42c1af81eff1e8592915dde0\">\n.flex_column.av-jj8tk1fq-f0ca5b2b42c1af81eff1e8592915dde0{\nborder-radius:0px 0px 0px 0px;\npadding:0px 0px 0px 0px;\n}\n<\/style>\n<div  class='flex_column av-jj8tk1fq-f0ca5b2b42c1af81eff1e8592915dde0 av_one_fourth  avia-builder-el-14  el_after_av_one_fourth  el_before_av_one_fourth  flex_column_div av-zero-column-padding  '     ><section  class='av_textblock_section av-jj8tkrny-aac052b5a79b981bcca010cef2750333 '   itemscope=\"itemscope\" itemtype=\"https:\/\/schema.org\/CreativeWork\" ><div class='avia_textblock'  itemprop=\"text\" ><h3>Pointe #2<\/h3>\n<p>Place de l\u2019\u00e9glise, le Bourg<br \/>\n58230 Ouroux-en-Morvan<\/p>\n<p>Tel : 03 33 33 33 33<\/p>\n<p><strong>Heures d&rsquo;ouverture :<\/strong><br \/>\nLundi 6h30-12h<br \/>\nMardi \u00e0 vendredi 6h30-12h &#038; 13h30-18h30<\/p>\n<\/div><\/section><\/div>\n<style type=\"text\/css\" data-created_by=\"avia_inline_auto\" id=\"style-css-av-jj8tk1fq-f0ca5b2b42c1af81eff1e8592915dde0\">\n.flex_column.av-jj8tk1fq-f0ca5b2b42c1af81eff1e8592915dde0{\nborder-radius:0px 0px 0px 0px;\npadding:0px 0px 0px 0px;\n}\n<\/style>\n<div  class='flex_column av-jj8tk1fq-f0ca5b2b42c1af81eff1e8592915dde0 av_one_fourth  avia-builder-el-16  el_after_av_one_fourth  el_before_av_one_fourth  flex_column_div av-zero-column-padding  '     ><section  class='av_textblock_section av-jj8tkrny-aac052b5a79b981bcca010cef2750333 '   itemscope=\"itemscope\" itemtype=\"https:\/\/schema.org\/CreativeWork\" ><div class='avia_textblock'  itemprop=\"text\" ><h3>Pointe #3<\/h3>\n<p>Ipse LOrem, le Bourg<br \/>\n58140 Lormes<\/p>\n<p>Tel : 03 33 33 33 33<\/p>\n<p><strong>Heures d&rsquo;ouverture :<\/strong><br \/>\nLundi 6h30-12h<br \/>\nMardi \u00e0 vendredi 6h30-12h &#038; 13h30-18h30<\/p>\n<\/div><\/section><\/div>\n<style type=\"text\/css\" data-created_by=\"avia_inline_auto\" id=\"style-css-av-jj8tk1fq-f0ca5b2b42c1af81eff1e8592915dde0\">\n.flex_column.av-jj8tk1fq-f0ca5b2b42c1af81eff1e8592915dde0{\nborder-radius:0px 0px 0px 0px;\npadding:0px 0px 0px 0px;\n}\n<\/style>\n<div  class='flex_column av-jj8tk1fq-f0ca5b2b42c1af81eff1e8592915dde0 av_one_fourth  avia-builder-el-18  el_after_av_one_fourth  avia-builder-el-last  flex_column_div av-zero-column-padding  '     ><section  class='av_textblock_section av-jj8tkrny-aac052b5a79b981bcca010cef2750333 '   itemscope=\"itemscope\" itemtype=\"https:\/\/schema.org\/CreativeWork\" ><div class='avia_textblock'  itemprop=\"text\" ><h3>Pointe #4<\/h3>\n<p>Ipse LOrem, le Bourg<br \/>\n58140 Saulieu<\/p>\n<p>Tel : 03 33 33 33 33<\/p>\n<p><strong>Heures d&rsquo;ouverture :<\/strong><br \/>\nLundi 6h30-12h<br \/>\nMardi \u00e0 vendredi 6h30-12h &#038; 13h30-18h30<\/p>\n<\/div><\/section><\/div>\n\n<\/div><\/div><\/div><!-- close content main div --><\/div><\/div>\n<style type=\"text\/css\" data-created_by=\"avia_inline_auto\" id=\"style-css-av-kuvd8qfm-76c19d3361601216f386db4718c9f0ba\">\n.avia-section.av-kuvd8qfm-76c19d3361601216f386db4718c9f0ba{\nbackground-color:#f2c500;\nbackground-image:unset;\n}\n<\/style>\n<div id='av_section_3'  class='avia-section av-kuvd8qfm-76c19d3361601216f386db4718c9f0ba main_color avia-section-default avia-no-border-styling  avia-builder-el-20  el_after_av_section  avia-builder-el-last  avia-bg-style-scroll container_wrap sidebar_right'  ><div class='container av-section-cont-open' ><div class='template-page content  av-content-small alpha units'><div class='post-entry post-entry-type-page post-entry-4432'><div class='entry-content-wrapper clearfix'>\n<div  class='avia-button-wrap av-kuvdd03a-e062258c6b3b7a5763c3bebb6c89e1c2-wrap avia-button-center  avia-builder-el-21  avia-builder-el-no-sibling '>\n<style type=\"text\/css\" data-created_by=\"avia_inline_auto\" id=\"style-css-av-kuvdd03a-e062258c6b3b7a5763c3bebb6c89e1c2\">\n#top #wrap_all .avia-button.av-kuvdd03a-e062258c6b3b7a5763c3bebb6c89e1c2{\nborder-style:solid;\nborder-width:1px 1px 1px 1px;\nborder-color:#ffffff;\nbox-shadow:none;\ntransition:all 0.4s ease-in-out;\n}\n<\/style>\n<a href='https:\/\/www.studionegativo.com\/demo\/sn-sapins-noel\/contactez-nous\/'  class='avia-button av-kuvdd03a-e062258c6b3b7a5763c3bebb6c89e1c2 av-link-btn avia-icon_select-yes-right-icon avia-size-x-large avia-position-center av-icon-on-hover avia-color-theme-color'   aria-label=\"Vous avez un question ?   Contactez-nous !\"><span class='avia_iconbox_title' >Vous avez un question ?   Contactez-nous !<\/span><span class='avia_button_icon avia_button_icon_right avia-iconfont avia-font-entypo-fontello' data-av_icon='\ue88d' data-av_iconfont='entypo-fontello' ><\/span><\/a><\/div>\n<\/div><\/div><\/div><!-- close content main div --><\/div><\/div><div id='after_section_3'  class='main_color av_default_container_wrap container_wrap sidebar_right'  ><div class='container av-section-cont-open' ><div class='template-page content  av-content-small alpha units'><div class='post-entry post-entry-type-page post-entry-4432'><div class='entry-content-wrapper clearfix'>\n","protected":false},"excerpt":{"rendered":"","protected":false},"author":1,"featured_media":0,"parent":0,"menu_order":0,"comment_status":"closed","ping_status":"closed","template":"","meta":{"footnotes":""},"class_list":["post-4432","page","type-page","status-publish","hentry"],"_links":{"self":[{"href":"https:\/\/www.studionegativo.com\/demo\/sn-sapins-noel\/wp-json\/wp\/v2\/pages\/4432","targetHints":{"allow":["GET"]}}],"collection":[{"href":"https:\/\/www.studionegativo.com\/demo\/sn-sapins-noel\/wp-json\/wp\/v2\/pages"}],"about":[{"href":"https:\/\/www.studionegativo.com\/demo\/sn-sapins-noel\/wp-json\/wp\/v2\/types\/page"}],"author":[{"embeddable":true,"href":"https:\/\/www.studionegativo.com\/demo\/sn-sapins-noel\/wp-json\/wp\/v2\/users\/1"}],"replies":[{"embeddable":true,"href":"https:\/\/www.studionegativo.com\/demo\/sn-sapins-noel\/wp-json\/wp\/v2\/comments?post=4432"}],"version-history":[{"count":28,"href":"https:\/\/www.studionegativo.com\/demo\/sn-sapins-noel\/wp-json\/wp\/v2\/pages\/4432\/revisions"}],"predecessor-version":[{"id":4697,"href":"https:\/\/www.studionegativo.com\/demo\/sn-sapins-noel\/wp-json\/wp\/v2\/pages\/4432\/revisions\/4697"}],"wp:attachment":[{"href":"https:\/\/www.studionegativo.com\/demo\/sn-sapins-noel\/wp-json\/wp\/v2\/media?parent=4432"}],"curies":[{"name":"wp","href":"https:\/\/api.w.org\/{rel}","templated":true}]}}